{"id":3789,"date":"2021-04-23T13:20:27","date_gmt":"2021-04-23T11:20:27","guid":{"rendered":"https:\/\/formkraft.dk\/?page_id=3789"},"modified":"2025-12-18T10:33:45","modified_gmt":"2025-12-18T09:33:45","slug":"editorial-advisory-board","status":"publish","type":"page","link":"https:\/\/formkraft.dk\/en\/editorial-advisory-board\/","title":{"rendered":"Editorial advisory board"},"content":{"rendered":"<p>An editorial advisory board has been set up for the preparation of themes and the general editorial line for Formkraft:<\/p>\n<p><b>Lars Dybdahl,<em>\u00a0<\/em><\/b><em>mag.art. design researcher and writer.<\/em><\/p>\n<p>Lars Dybdahl has a long-standing commitment to field of craftsmanship and design. Lars has been involved in Formkraft&#8217;s journey since the beginning and has been involved in reviewing all the magazines that have been scanned and which are now available digitally here at Formkraft. Lars is the author and co-author of a large number of books in the field. And he contributes to Formkraft with his enormous knowledge of design and craftsmanship to put together the best themes and the editorial line for Formkraft.<\/p>\n<p><strong>Anne Louise Bang, <\/strong><em>textile designer, d<\/em><em>ocent, ph.d. VIA University College<\/em><\/p>\n<p><strong>Annette Svaneklink Jakobsen<\/strong>, <em>cand.arch , ph.d. Southern University of Denmark.<\/em><\/p>\n<p><strong>Peter Mo\u00ebll Dammand<\/strong>, <em>lecturer, Textile Education Programme<\/em><\/p>\n<p><strong>Ane Fabricius Christiansen<\/strong>, <em>ceramicist<\/em><\/p>\n<p><strong>Pernille Anker Kristensen<\/strong>, <em>journalist, writer and communications officer<\/em><\/p>\n<p><strong>Helle Dyrlund Severinsen,<\/strong> <em>managing editor<\/em><\/p>\n<p>2025<\/p>\n<p><strong>Signe Fensholt<\/strong>, <em>ceramicist<\/em><\/p>\n<p>2021-2024<\/p>\n<p><b>Heidi Laura,<em>\u00a0<\/em><\/b><em>journalist and writer, ph.d.<\/em><\/p>\n<p><strong>Mette Colberg,\u00a0<\/strong><em>ud\u00f8vende kunsth\u00e5ndv\u00e6rker.<\/em><\/p>\n<p><strong>Anders Munch, <\/strong><em>dr.phil., ph.d., cand.mag. i id\u00e9ahistorie and arthistory.\u00a0<\/em><\/p>\n","protected":false},"excerpt":{"rendered":"<p>An editorial advisory board has been set up for the preparation of themes and the general editorial line for Formkraft: Lars Dybdahl,\u00a0mag.art. design researcher and writer. Lars Dybdahl has a long-standing commitment to field of craftsmanship and design. Lars has been involved in Formkraft&#8217;s journey since the beginning and has been involved in reviewing all [&hellip;]<\/p>\n","protected":false},"author":9,"featured_media":0,"parent":0,"menu_order":0,"comment_status":"closed","ping_status":"closed","template":"","meta":{"_acf_changed":false,"footnotes":""},"class_list":["post-3789","page","type-page","status-publish","hentry"],"acf":[],"yoast_head":"<!-- This site is optimized with the Yoast SEO plugin v27.1.1 - https:\/\/yoast.com\/product\/yoast-seo-wordpress\/ -->\n<title>Editorial advisory board - Formkraft<\/title>\n<meta name=\"description\" content=\"An editorial advisory board has been set up for the preparation of themes and the general editorial line for Formkraft.\" \/>\n<meta name=\"robots\" content=\"index, follow, max-snippet:-1, max-image-preview:large, max-video-preview:-1\" \/>\n<link rel=\"canonical\" href=\"https:\/\/formkraft.dk\/en\/editorial-advisory-board\/\" \/>\n<meta property=\"og:locale\" content=\"en_US\" \/>\n<meta property=\"og:type\" content=\"article\" \/>\n<meta property=\"og:title\" content=\"Editorial advisory board - Formkraft\" \/>\n<meta property=\"og:description\" content=\"An editorial advisory board has been set up for the preparation of themes and the general editorial line for Formkraft.\" \/>\n<meta property=\"og:url\" content=\"https:\/\/formkraft.dk\/en\/editorial-advisory-board\/\" \/>\n<meta property=\"og:site_name\" content=\"Formkraft\" \/>\n<meta property=\"article:modified_time\" content=\"2025-12-18T09:33:45+00:00\" \/>\n<meta property=\"og:image\" content=\"https:\/\/formkraft.dk\/wp-content\/uploads\/2021\/02\/logo.png\" \/>\n\t<meta property=\"og:image:width\" content=\"952\" \/>\n\t<meta property=\"og:image:height\" content=\"150\" \/>\n\t<meta property=\"og:image:type\" content=\"image\/png\" \/>\n<meta name=\"twitter:card\" content=\"summary_large_image\" \/>\n<meta name=\"twitter:label1\" content=\"Est. reading time\" \/>\n\t<meta name=\"twitter:data1\" content=\"1 minute\" \/>\n<script type=\"application\/ld+json\" class=\"yoast-schema-graph\">{\"@context\":\"https:\/\/schema.org\",\"@graph\":[{\"@type\":\"WebPage\",\"@id\":\"https:\/\/formkraft.dk\/en\/editorial-advisory-board\/\",\"url\":\"https:\/\/formkraft.dk\/en\/editorial-advisory-board\/\",\"name\":\"Editorial advisory board - Formkraft\",\"isPartOf\":{\"@id\":\"https:\/\/formkraft.dk\/#website\"},\"datePublished\":\"2021-04-23T11:20:27+00:00\",\"dateModified\":\"2025-12-18T09:33:45+00:00\",\"description\":\"An editorial advisory board has been set up for the preparation of themes and the general editorial line for Formkraft.\",\"breadcrumb\":{\"@id\":\"https:\/\/formkraft.dk\/en\/editorial-advisory-board\/#breadcrumb\"},\"inLanguage\":\"en-US\",\"potentialAction\":[{\"@type\":\"ReadAction\",\"target\":[\"https:\/\/formkraft.dk\/en\/editorial-advisory-board\/\"]}]},{\"@type\":\"BreadcrumbList\",\"@id\":\"https:\/\/formkraft.dk\/en\/editorial-advisory-board\/#breadcrumb\",\"itemListElement\":[{\"@type\":\"ListItem\",\"position\":1,\"name\":\"Hjem\",\"item\":\"https:\/\/formkraft.dk\/en\/\"},{\"@type\":\"ListItem\",\"position\":2,\"name\":\"Editorial advisory board\"}]},{\"@type\":\"WebSite\",\"@id\":\"https:\/\/formkraft.dk\/#website\",\"url\":\"https:\/\/formkraft.dk\/\",\"name\":\"Formkraft\",\"description\":\"Journal for Crafts & Design\",\"publisher\":{\"@id\":\"https:\/\/formkraft.dk\/#organization\"},\"potentialAction\":[{\"@type\":\"SearchAction\",\"target\":{\"@type\":\"EntryPoint\",\"urlTemplate\":\"https:\/\/formkraft.dk\/?s={search_term_string}\"},\"query-input\":{\"@type\":\"PropertyValueSpecification\",\"valueRequired\":true,\"valueName\":\"search_term_string\"}}],\"inLanguage\":\"en-US\"},{\"@type\":\"Organization\",\"@id\":\"https:\/\/formkraft.dk\/#organization\",\"name\":\"Formkraft\",\"url\":\"https:\/\/formkraft.dk\/\",\"logo\":{\"@type\":\"ImageObject\",\"inLanguage\":\"en-US\",\"@id\":\"https:\/\/formkraft.dk\/#\/schema\/logo\/image\/\",\"url\":\"https:\/\/formkraft.dk\/wp-content\/uploads\/2021\/02\/logo.png\",\"contentUrl\":\"https:\/\/formkraft.dk\/wp-content\/uploads\/2021\/02\/logo.png\",\"width\":952,\"height\":150,\"caption\":\"Formkraft\"},\"image\":{\"@id\":\"https:\/\/formkraft.dk\/#\/schema\/logo\/image\/\"}}]}<\/script>\n<!-- \/ Yoast SEO plugin. -->","yoast_head_json":{"title":"Editorial advisory board - Formkraft","description":"An editorial advisory board has been set up for the preparation of themes and the general editorial line for Formkraft.","robots":{"index":"index","follow":"follow","max-snippet":"max-snippet:-1","max-image-preview":"max-image-preview:large","max-video-preview":"max-video-preview:-1"},"canonical":"https:\/\/formkraft.dk\/en\/editorial-advisory-board\/","og_locale":"en_US","og_type":"article","og_title":"Editorial advisory board - Formkraft","og_description":"An editorial advisory board has been set up for the preparation of themes and the general editorial line for Formkraft.","og_url":"https:\/\/formkraft.dk\/en\/editorial-advisory-board\/","og_site_name":"Formkraft","article_modified_time":"2025-12-18T09:33:45+00:00","og_image":[{"width":952,"height":150,"url":"https:\/\/formkraft.dk\/wp-content\/uploads\/2021\/02\/logo.png","type":"image\/png"}],"twitter_card":"summary_large_image","twitter_misc":{"Est. reading time":"1 minute"},"schema":{"@context":"https:\/\/schema.org","@graph":[{"@type":"WebPage","@id":"https:\/\/formkraft.dk\/en\/editorial-advisory-board\/","url":"https:\/\/formkraft.dk\/en\/editorial-advisory-board\/","name":"Editorial advisory board - Formkraft","isPartOf":{"@id":"https:\/\/formkraft.dk\/#website"},"datePublished":"2021-04-23T11:20:27+00:00","dateModified":"2025-12-18T09:33:45+00:00","description":"An editorial advisory board has been set up for the preparation of themes and the general editorial line for Formkraft.","breadcrumb":{"@id":"https:\/\/formkraft.dk\/en\/editorial-advisory-board\/#breadcrumb"},"inLanguage":"en-US","potentialAction":[{"@type":"ReadAction","target":["https:\/\/formkraft.dk\/en\/editorial-advisory-board\/"]}]},{"@type":"BreadcrumbList","@id":"https:\/\/formkraft.dk\/en\/editorial-advisory-board\/#breadcrumb","itemListElement":[{"@type":"ListItem","position":1,"name":"Hjem","item":"https:\/\/formkraft.dk\/en\/"},{"@type":"ListItem","position":2,"name":"Editorial advisory board"}]},{"@type":"WebSite","@id":"https:\/\/formkraft.dk\/#website","url":"https:\/\/formkraft.dk\/","name":"Formkraft","description":"Journal for Crafts & Design","publisher":{"@id":"https:\/\/formkraft.dk\/#organization"},"potentialAction":[{"@type":"SearchAction","target":{"@type":"EntryPoint","urlTemplate":"https:\/\/formkraft.dk\/?s={search_term_string}"},"query-input":{"@type":"PropertyValueSpecification","valueRequired":true,"valueName":"search_term_string"}}],"inLanguage":"en-US"},{"@type":"Organization","@id":"https:\/\/formkraft.dk\/#organization","name":"Formkraft","url":"https:\/\/formkraft.dk\/","logo":{"@type":"ImageObject","inLanguage":"en-US","@id":"https:\/\/formkraft.dk\/#\/schema\/logo\/image\/","url":"https:\/\/formkraft.dk\/wp-content\/uploads\/2021\/02\/logo.png","contentUrl":"https:\/\/formkraft.dk\/wp-content\/uploads\/2021\/02\/logo.png","width":952,"height":150,"caption":"Formkraft"},"image":{"@id":"https:\/\/formkraft.dk\/#\/schema\/logo\/image\/"}}]}},"_links":{"self":[{"href":"https:\/\/formkraft.dk\/en\/wp-json\/wp\/v2\/pages\/3789","targetHints":{"allow":["GET"]}}],"collection":[{"href":"https:\/\/formkraft.dk\/en\/wp-json\/wp\/v2\/pages"}],"about":[{"href":"https:\/\/formkraft.dk\/en\/wp-json\/wp\/v2\/types\/page"}],"author":[{"embeddable":true,"href":"https:\/\/formkraft.dk\/en\/wp-json\/wp\/v2\/users\/9"}],"replies":[{"embeddable":true,"href":"https:\/\/formkraft.dk\/en\/wp-json\/wp\/v2\/comments?post=3789"}],"version-history":[{"count":0,"href":"https:\/\/formkraft.dk\/en\/wp-json\/wp\/v2\/pages\/3789\/revisions"}],"wp:attachment":[{"href":"https:\/\/formkraft.dk\/en\/wp-json\/wp\/v2\/media?parent=3789"}],"curies":[{"name":"wp","href":"https:\/\/api.w.org\/{rel}","templated":true}]}}

<p>An editorial advisory board has been set up for the preparation of themes and the general editorial line for Formkraft:</p>
<p><b>Lars Dybdahl,<em> </em></b><em>mag.art. design researcher and writer.</em></p>
<p>Lars Dybdahl has a long-standing commitment to field of craftsmanship and design. Lars has been involved in Formkraft&#8217;s journey since the beginning and has been involved in reviewing all the magazines that have been scanned and which are now available digitally here at Formkraft. Lars is the author and co-author of a large number of books in the field. And he contributes to Formkraft with his enormous knowledge of design and craftsmanship to put together the best themes and the editorial line for Formkraft.</p>
<p><strong>Anne Louise Bang, </strong><em>textile designer, d</em><em>ocent, ph.d. VIA University College</em></p>
<p><strong>Annette Svaneklink Jakobsen</strong>, <em>cand.arch , ph.d. Southern University of Denmark.</em></p>
<p><strong>Peter Moëll Dammand</strong>, <em>lecturer, Textile Education Programme</em></p>
<p><strong>Ane Fabricius Christiansen</strong>, <em>ceramicist</em></p>
<p><strong>Pernille Anker Kristensen</strong>, <em>journalist, writer and communications officer</em></p>
<p><strong>Helle Dyrlund Severinsen,</strong> <em>managing editor</em></p>
<p>2025</p>
<p><strong>Signe Fensholt</strong>, <em>ceramicist</em></p>
<p>2021-2024</p>
<p><b>Heidi Laura,<em> </em></b><em>journalist and writer, ph.d.</em></p>
<p><strong>Mette Colberg, </strong><em>udøvende kunsthåndværker.</em></p>
<p><strong>Anders Munch, </strong><em>dr.phil., ph.d., cand.mag. i idéahistorie and arthistory. </em></p>
